{"id":4836,"date":"2019-05-14T14:27:18","date_gmt":"2019-05-14T13:27:18","guid":{"rendered":"http:\/\/www.tehnomarket.com\/novi?page_id=4836"},"modified":"2019-05-14T14:37:02","modified_gmt":"2019-05-14T13:37:02","slug":"elementfassade-unit-65","status":"publish","type":"page","link":"https:\/\/tehnomarket.com\/novi?page_id=4836&lang=de","title":{"rendered":"Elementfassade UNIT 65"},"content":{"rendered":"<div class=\"services_option2\">\n<div id=\"tabs\">\n<ul class=\"tab_select\">\n<li><a href=\"#tab-1\">UNIT 65 \u2013 unitized facade system<\/a><\/li>\n<\/ul>\n<div id=\"tab-1\">\n<p class=\"bwWrapper\"><img loading=\"lazy\" decoding=\"async\" src=\"https:\/\/www.tehnomarket.com\/novi\/wp-content\/uploads\/2014\/06\/element.jpg\" alt=\"prozorivrata\" width=\"298\" height=\"193\" \/><\/p>\n<p>UNIT 65 Elementfassade folgt den Trends der modernen Architektur und den Anforderungen nach hoher Energieeffizienz, Vorfertigung und schneller, effizienter Montage ohne Bauger\u00fcst.<\/p>\n<p>Die Fassade setzt sich aus einzelnen vorgefertigten Modulen, die zur Baustelle geliefert w\u00fcrden. Diese vollst\u00e4ndige Vorfertigung aller Elemente erm\u00f6glicht eine schnelle Installation vor Ort. Die Montage der Elementen von der Innenseite des Geb\u00e4udes erfolgt mit Hilfe eines Krans. Eine Bauger\u00fcst ist dazu aber nicht erforderlich. Als letzter Schritt erfolgt die Fixierung der Modulen mit schon eingebauten Aluminiumankern von innen. Die Dilatation aller Elementen wird erm\u00f6glicht, w\u00e4hrend die Belastbarkeit der gesamten Fassade ungest\u00f6rt bleibt. Eine Elementfassade selbst steht mit ihren technischen und optischen Eigenschaften im Angebot der Glasfassaden ganz oben.<\/p>\n<p>Das Angebot umfasst zwei verschiedene Systeml\u00f6sungen: semistrukturelle und strukturelle Elementfassade. Bei der semistrukturelle UNIT 65 Elementfassade mit Energieeffizienz von Uf 1,1 W\/m\u00b2k liegt der Schwerpunkt auf  hervorgehobenen Aluminiumprofilen. Strukturelle Elementfassade ist durch minimalistisches Design gekennzeichnet, wobei die D\u00e4mmzahl bei noch niedrigerem Wert von Uf 0,89 W\/m\u00b2K liegt.<\/p>\n<p>Eine Elementfassade steht selbstst\u00e4ndig mit ihren technischen und optischen Eigenschaften im Angebot der Glasfassaden ganz oben.<\/p>\n<ul>\n<li>au\u00dfergew\u00f6hnliche W\u00e4rmed\u00e4mmleistung mit Doppel- und Dreifachverglasung<\/li>\n<li>komplette Vorfertigung von Modulen<\/li>\n<li>Montage vor Ort ohne Ger\u00fcstbau<\/li>\n<\/ul>\n<p><\/br><\/p>\n<div style=\"float: right; margin-right: 50%;\"><a class=\"btn_col\" href=\"https:\/\/www.tehnomarket.com\/novi\/?page_id=55\">Download<\/a><\/div>\n<h5>Kataloge und Prospekte<\/h5>\n<\/div>\n<\/div>\n<\/div>\n","protected":false},"excerpt":{"rendered":"<p>UNIT 65 \u2013 unitized facade system UNIT 65 Elementfassade folgt den Trends der modernen Architektur und den Anforderungen nach hoher Energieeffizienz, Vorfertigung und schneller, effizienter Montage ohne Bauger\u00fcst. Die Fassade setzt sich aus einzelnen vorgefertigten Modulen, die zur Baustelle geliefert [&hellip;]<\/p>\n","protected":false},"author":4,"featured_media":0,"parent":0,"menu_order":0,"comment_status":"closed","ping_status":"closed","template":"full_width.php","meta":{"footnotes":""},"class_list":["post-4836","page","type-page","status-publish","hentry"],"_links":{"self":[{"href":"https:\/\/tehnomarket.com\/novi\/index.php?rest_route=\/wp\/v2\/pages\/4836","targetHints":{"allow":["GET"]}}],"collection":[{"href":"https:\/\/tehnomarket.com\/novi\/index.php?rest_route=\/wp\/v2\/pages"}],"about":[{"href":"https:\/\/tehnomarket.com\/novi\/index.php?rest_route=\/wp\/v2\/types\/page"}],"author":[{"embeddable":true,"href":"https:\/\/tehnomarket.com\/novi\/index.php?rest_route=\/wp\/v2\/users\/4"}],"replies":[{"embeddable":true,"href":"https:\/\/tehnomarket.com\/novi\/index.php?rest_route=%2Fwp%2Fv2%2Fcomments&post=4836"}],"version-history":[{"count":3,"href":"https:\/\/tehnomarket.com\/novi\/index.php?rest_route=\/wp\/v2\/pages\/4836\/revisions"}],"predecessor-version":[{"id":4839,"href":"https:\/\/tehnomarket.com\/novi\/index.php?rest_route=\/wp\/v2\/pages\/4836\/revisions\/4839"}],"wp:attachment":[{"href":"https:\/\/tehnomarket.com\/novi\/index.php?rest_route=%2Fwp%2Fv2%2Fmedia&parent=4836"}],"curies":[{"name":"wp","href":"https:\/\/api.w.org\/{rel}","templated":true}]}}