{"id":5362,"date":"2020-11-09T14:25:47","date_gmt":"2020-11-09T13:25:47","guid":{"rendered":"http:\/\/www.tehnomarket.com\/novi?page_id=5362"},"modified":"2026-02-23T12:36:06","modified_gmt":"2026-02-23T11:36:06","slug":"interio-p29","status":"publish","type":"page","link":"https:\/\/tehnomarket.com\/novi?page_id=5362","title":{"rendered":"INTERIO P29"},"content":{"rendered":"<p><script><span data-mce-type=\"bookmark\" style=\"display: inline-block; width: 0px; overflow: hidden; line-height: 0;\" class=\"mce_SELRES_start\">\ufeff<\/span>\n  (function(i,s,o,g,r,a,m){i['GoogleAnalyticsObject']=r;i[r]=i[r]||function(){\n  (i[r].q=i[r].q||[]).push(arguments)},i[r].l=1*new Date();a=s.createElement(o),\n  m=s.getElementsByTagName(o)[0];a.async=1;a.src=g;m.parentNode.insertBefore(a,m)\n  })(window,document,'script','\/\/www.google-analytics.com\/analytics.js','ga');<\/p>\n<p>  ga('create', 'UA-59517940-1', 'auto');\n  ga('send', 'pageview');<\/p>\n<p><\/script><\/p>\n<div class=\"services_option2\">\n<div id=\"tabs\">\n<ul class=\"tab_select\">\n<li><a href=\"#tab-1\">INTERIO serija<\/a><\/li>\n<li><a href=\"#tab-2\">INTERIO P29<\/a><\/li>\n<li><a href=\"#tab-3\">INTERIO P113<\/a><\/li>\n<\/ul>\n<div id=\"tab-1\">\n<p class=\"bwWrapper\"><img loading=\"lazy\" decoding=\"async\" src=\"https:\/\/www.tehnomarket.com\/novi\/wp-content\/uploads\/2014\/06\/int77.jpg\" alt=\"vent\" width=\"298\" height=\"193\" \/><\/p>\n<p>Kompanija Tehnomarket poznata je po re\u0161enjima za eksterijer objekta, a kao re\u0161enje za uredjenje enterijera poslovnih objekata razvijen je novi sistem INTERIO, bez prekida termo mosta, za izradu vrata, prozora i pregrada koji nalaze primenu u enterijeru. INTERIO dolazi u dve osnovne verzije-INTERIO P29 i INTERIO P113.<\/p>\n<p>Sistem INTERIO P29 idealan je za unutra\u0161nja vrata i pregradne zidove modernih poslovnih objekata gde ekskluzivna materijalizacija, brza monta\u017ea bez klasi\u010dnih gra\u0111evinskih radova i prefinjen izgled zadovoljavaju sve potrebe arhitekata dok minimalna ugradna dubina od svega 29mm zna\u010di minimalan utro\u0161ak korisnog prostora. Sistem INTERIO P113 nalazi svoju primenu u prostorima gde se o\u010dekuje odre\u0111ena doza privatnosti i dobra izolovanost svake pojedina\u010dne jedinice. Nudi dvostruku ispunu od stakla ili odgovaraju\u0107ih panela, uz ugradnu dubinu od svega 113mm \u0161to omogu\u0107uje maksimalno iskori\u0161\u0107enje prostora uz povi\u0161ene vrednosti zvu\u010dne izolacije. Sistem INTERIO P113 kompletiran je i namenskim vratima i setom okova koji omogu\u0107uju brzu ugradnju i visoku funkcionalnost u eksploataciji.<\/p>\n<p>INTERIO sistemski profili dostupni su u dve opcije povr\u0161inske za\u0161tite &#8211; plastifikacija u svim RAL tonovima i eloksa\u017ea. Sistem podr\u017eava vi\u0161e vrsta okova, sa vidljivim i nevidljivim \u0161arkama \u010diji elemeti dolaze u 5 opcije povr\u0161inske za\u0161tite &#8211; plastifikacija u svim RAL tonovima, eloksa\u017ea, bru\u0161eni aluminijum, sirovi alumninijum, kao i polirani i bru\u0161eni ner\u0111aju\u0107i \u010delik.<\/p>\n<p><center><img decoding=\"async\" class=\"aligncenter\" src=\"https:\/\/www.tehnomarket.com\/novi\/wp-content\/uploads\/2014\/06\/interiotab.jpg\" \/><center><\/center><\/center><\/p>\n<p class=\"bwWrapper\"><img loading=\"lazy\" decoding=\"async\" src=\"https:\/\/www.tehnomarket.com\/novi\/wp-content\/uploads\/2014\/06\/int78.jpg\" alt=\"prozorivrata\" width=\"298\" height=\"193\" \/><\/p>\n<ul>\n<li>Sistem ekskluzivnih enterijerskih pregrada<\/li>\n<li>Dva sistema za rali\u010dite namene-minimalni utro\u0161ak prostora i pove\u0107ana privatnost<\/li>\n<li>Opcije povr\u0161inske za\u0161tite: plastifikacija po RAL ton karti ili eloksa\u017ea<\/li>\n<\/ul>\n<p>&nbsp;<\/p>\n<div style=\"float: right; margin-right: 10%;\"><a class=\"btn_col\" href=\"https:\/\/www.tehnomarket.com\/novi\/?page_id=55\">Preuzmi<\/a><\/div>\n<h5>Preuzmite kataloge<\/h5>\n<\/div>\n<div id=\"tab-2\">\n<p class=\"bwWrapper\"><img loading=\"lazy\" decoding=\"async\" src=\"https:\/\/www.tehnomarket.com\/novi\/wp-content\/uploads\/2014\/06\/interio1.jpg\" alt=\"fasade\" width=\"298\" height=\"193\" \/><\/p>\n<p>Sistem INTERIO P29 iz proizvodnog programa Tehnomarketa je aluminijumski sistem za izradu staklenih enterijerskih pregrada i unutra\u0161njih vrata. Dizajniran je za primenu u savremenim poslovnim prostorima koji zahtevaju ekskluzivnu materijalizaciju, brzu monta\u017eu bez klasi\u010dnih gra\u0111evinskih radova i prefinjen izgled.<\/p>\n<p>INTERIO P29 sistem nudi dve vizuelno razli\u010dite verzije pregrada: sa aluminijumskim \u0161tokom i opcionim drvenim krilom vrata i potpuno stakleni sistem sa integrisanim staklenim vratima. Sistem je projektovan za maksimalnu prozra\u010dnost i sa izuzetno malom ugradnom dubinom od svega 29mm pru\u017ea mnoge mogu\u0107nosti za ure\u0111enje enterijera bez gubitka dragocene povr\u0161ine u enterijeru.<\/p>\n<p><center><img decoding=\"async\" src=\"https:\/\/www.tehnomarket.com\/novi\/wp-content\/uploads\/2014\/06\/interiocentar.png\" \/><center><\/center><\/center><\/p>\n<p class=\"bwWrapper\"><img loading=\"lazy\" decoding=\"async\" src=\"https:\/\/www.tehnomarket.com\/novi\/wp-content\/uploads\/2014\/06\/interio2.jpg\" alt=\"prozorivrata\" width=\"298\" height=\"193\" \/><\/p>\n<ul>\n<li>ugradna dubina sistema od svega 29mm<\/li>\n<li>podr\u017eane debljine stakla od 6mm do 12mm<\/li>\n<li>opcija staklenog i drvenog krila vrata<\/li>\n<\/ul>\n<p>&nbsp;<\/p>\n<div style=\"float: right; margin-right: 30%;\"><a class=\"btn_col\" href=\"\/novi\/katalozi\/PDF\/prozori_i_vrata\/TMH\/interiop29tech.pdf\">Preuzmi<\/a><\/div>\n<h5>Preuzmite tehni\u010dki opis sistema<\/h5>\n<\/div>\n<div id=\"tab-3\">\n<p class=\"bwWrapper\"><img loading=\"lazy\" decoding=\"async\" src=\"https:\/\/www.tehnomarket.com\/novi\/wp-content\/uploads\/2014\/06\/interio12.jpg\" alt=\"vent\" width=\"298\" height=\"193\" \/><\/p>\n<p>INTERIO P113 sistem nalazi svoju primenu u prostorima gde se o\u010dekuje odre\u0111ena doza privatnosti i dobra izolovanost svake pojedina\u010dne jedinice. Nudi dvostruku ispunu od stakla ili odgovaraju\u0107ih panela, uz ugradnu dubinu od svega 113mm \u0161to omogu\u0107uje maksimalno iskori\u0161\u0107enje prostora uz povi\u0161ene vrednosti zvu\u010dne izolacije. Sistem INTERIO P113 kompletiran je i namenskim vratima i setom okova koji omogu\u0107uju brzu ugradnju i visoku funkcionalnost u eksploataciji.<\/p>\n<p>INTERIO P113 sistem nije pogodan samo za poslovni prostor ve\u0107 je idealan i za stambene prostore modernog koncepta gde staklo zamenjuje tradicionalne pune pregradne zidove, kafi\u0107e i barove, pa \u010dak i odvajanje pu\u0161a\u010dke zone u restoranima ili na aerodromima.<\/p>\n<p><center><img decoding=\"async\" src=\"https:\/\/www.tehnomarket.com\/novi\/wp-content\/uploads\/2014\/06\/interiocentarp113.png\" \/><center><\/center><\/center><\/p>\n<p class=\"bwWrapper\"><img loading=\"lazy\" decoding=\"async\" src=\"https:\/\/www.tehnomarket.com\/novi\/wp-content\/uploads\/2014\/06\/interio22.jpg\" alt=\"prozorivrata\" width=\"298\" height=\"193\" \/><\/p>\n<ul>\n<li>Ugradna dubina sistema od 113mm<\/li>\n<li>Podr\u017eano dvostruko staklo debljine od 6mm do 12mm<\/li>\n<li>opcija staklenog i drvenog krila vrata<\/li>\n<\/ul>\n<p>&nbsp;<\/p>\n<div style=\"float: right; margin-right: 30%;\"><a class=\"btn_col\" href=\"\/novi\/katalozi\/PDF\/prozori_i_vrata\/TMH\/interiop29tech.pdf\">Preuzmi<\/a><\/div>\n<h5>Preuzmite tehni\u010dki opis sistema<\/h5>\n<\/div>\n<div id=\"tab-4\">\n<p class=\"bwWrapper\"><img loading=\"lazy\" decoding=\"async\" src=\"https:\/\/www.tehnomarket.com\/novi\/wp-content\/uploads\/2014\/06\/slideh28.jpg\" alt=\"vent\" width=\"298\" height=\"193\" \/><\/p>\n<p>SLIDE H28 iz proizvodnog programa Tehnomarketa predstavlja aluminijumski sistem bez prekida termi\u010dkog mosta, namenjen izradi kliznih pozicija manjih i ve\u0107ih dimenzija. Osnovnu namenu sistem SLIDE H28 nalazi u geografskim podru\u010dijima gde, usled klimatskih uslova, nisu neophodne visoke izolacione vrednosti, kao i za zatvaranje terasa i izradu enterijerskih pregrada, a zahvaljuju\u0107i svom savremenom, elegantom dizajnu lako se uklapa u rezidencijalne i poslovne prostore razli\u010ditih namena.<\/p>\n<p>Ovaj sistem profila nudi mogu\u0107nost izrade kliznih elemenata sa dve ili tri \u0161ine i maksimalnih 6 pokretnih krila, uz opciono postavljanje spoljne mre\u017ee protiv komaraca. Elegantni profil krila ugradne \u0161irine od svega 28mm mogu biti opremljena jednoslojnim ili dvoslojnim paketom stakla maksimalne \u0161irine od 20mm i standardnim kliznim okovom. Osnovne karakteristike kliznih sistema jasno pozicioniraju SLIDE H28 sistem kao optimalno re\u0161enje za zastakljivanje prostora i brisanje barijere izme\u0111u enterijera i eksterijera.<\/p>\n<p><center><img decoding=\"async\" src=\"https:\/\/www.tehnomarket.com\/novi\/wp-content\/uploads\/2014\/06\/h28presek5.jpg\" \/><center><\/center><\/center><\/p>\n<p class=\"bwWrapper\"><img loading=\"lazy\" decoding=\"async\" src=\"https:\/\/www.tehnomarket.com\/novi\/wp-content\/uploads\/2014\/06\/sd3.jpg\" alt=\"prozorivrata\" width=\"298\" height=\"193\" \/><\/p>\n<ul>\n<li>Sistem bez termo prekida.<\/li>\n<li>Dve opcije povr\u0161inske za\u0161tite: plastifikacija po RAL ton karti ili eloksa\u017ea.<\/li>\n<li>Mogu\u0107nost izrade elemenata velikih dimenzija.<\/li>\n<\/ul>\n<p>&nbsp;<\/p>\n<div style=\"float: right; margin-right: 30%;\"><a class=\"btn_col\" href=\"\/novi\/katalozi\/PDF\/prozori_i_vrata\/SLIDE\/h28tech.pdf\">Preuzmi<\/a><\/div>\n<h5>Preuzmite tehni\u010dki opis sistema<\/h5>\n<\/div>\n<\/div>\n<\/div>\n","protected":false},"excerpt":{"rendered":"<p>INTERIO serija INTERIO P29 INTERIO P113 Kompanija Tehnomarket poznata je po re\u0161enjima za eksterijer objekta, a kao re\u0161enje za uredjenje enterijera poslovnih objekata razvijen je novi sistem INTERIO, bez prekida termo mosta, za izradu vrata, prozora i pregrada koji nalaze [&hellip;]<\/p>\n","protected":false},"author":4,"featured_media":0,"parent":0,"menu_order":0,"comment_status":"closed","ping_status":"closed","template":"full_width.php","meta":{"footnotes":""},"class_list":["post-5362","page","type-page","status-publish","hentry"],"_links":{"self":[{"href":"https:\/\/tehnomarket.com\/novi\/index.php?rest_route=\/wp\/v2\/pages\/5362","targetHints":{"allow":["GET"]}}],"collection":[{"href":"https:\/\/tehnomarket.com\/novi\/index.php?rest_route=\/wp\/v2\/pages"}],"about":[{"href":"https:\/\/tehnomarket.com\/novi\/index.php?rest_route=\/wp\/v2\/types\/page"}],"author":[{"embeddable":true,"href":"https:\/\/tehnomarket.com\/novi\/index.php?rest_route=\/wp\/v2\/users\/4"}],"replies":[{"embeddable":true,"href":"https:\/\/tehnomarket.com\/novi\/index.php?rest_route=%2Fwp%2Fv2%2Fcomments&post=5362"}],"version-history":[{"count":28,"href":"https:\/\/tehnomarket.com\/novi\/index.php?rest_route=\/wp\/v2\/pages\/5362\/revisions"}],"predecessor-version":[{"id":6669,"href":"https:\/\/tehnomarket.com\/novi\/index.php?rest_route=\/wp\/v2\/pages\/5362\/revisions\/6669"}],"wp:attachment":[{"href":"https:\/\/tehnomarket.com\/novi\/index.php?rest_route=%2Fwp%2Fv2%2Fmedia&parent=5362"}],"curies":[{"name":"wp","href":"https:\/\/api.w.org\/{rel}","templated":true}]}}