{"id":6460,"date":"2022-12-19T09:28:41","date_gmt":"2022-12-19T08:28:41","guid":{"rendered":"http:\/\/www.tehnomarket.com\/novi?page_id=6460"},"modified":"2026-02-23T12:46:14","modified_gmt":"2026-02-23T11:46:14","slug":"equitone-paneli","status":"publish","type":"page","link":"https:\/\/tehnomarket.com\/novi?page_id=6460","title":{"rendered":"Fiber cementni paneli EQUITONE"},"content":{"rendered":"<h2 style=\"text-align: center;\">EQUITONE\u00a0fiber cementni paneli<\/h2>\n<p><a href=\"https:\/\/www.tehnomarket.com\/novi\/wp-content\/uploads\/2022\/12\/zep.jpg\"><img loading=\"lazy\" decoding=\"async\" class=\"aligncenter wp-image-6461 size-full\" src=\"https:\/\/www.tehnomarket.com\/novi\/wp-content\/uploads\/2022\/12\/zep.jpg\" alt=\"\" width=\"831\" height=\"323\" srcset=\"https:\/\/tehnomarket.com\/novi\/wp-content\/uploads\/2022\/12\/zep.jpg 831w, https:\/\/tehnomarket.com\/novi\/wp-content\/uploads\/2022\/12\/zep-300x117.jpg 300w, https:\/\/tehnomarket.com\/novi\/wp-content\/uploads\/2022\/12\/zep-768x299.jpg 768w\" sizes=\"auto, (max-width: 831px) 100vw, 831px\" \/><\/a><\/p>\n<p style=\"text-align: left;\">Equitone predstavljaju jednog od vode\u0107ih svetskih proizvodja\u010da fib.cementnih panela namenjenih oblaganju ventilisanih fasada. Sa proizvodnjom sme\u0161tenom u fabrikama u Nemackoj i Belgiji uz strogo kontrolu kvaliteta materijala Equitone isporu\u010duje svoje panele za projekte \u0161irom sveta. S obzirom na na\u0161u regulativu i zahteve u pogledu projektovanja stambenih i javnih zgrada, Equitone se \u010desto name\u0107e kao jedan od najboljih izbora fasadne obloge u smislu dugotrajnosti, kvaliteta i protivpo\u017earnih zahteva.<\/p>\n<p style=\"text-align: left;\"><strong>Prednosti Equitone panela su slede\u0107e:<\/strong><\/p>\n<p style=\"text-align: left;\">\u00b7 kategorija A2-s1,d0 \u0161to ispunjava rigorozne protivpo\u017earne zahteve<\/p>\n<p style=\"text-align: left;\">\u00b7 dobra zvu\u010dna izolacija<\/p>\n<p style=\"text-align: left;\">\u00b7 rezistencija na ekstremne temperature i mraz<\/p>\n<p style=\"text-align: left;\">\u00b7 otpornost na vodu (uz ispunjavanje preporuka za ugradnju)<\/p>\n<p style=\"text-align: left;\">\u00b7 rezistencija na bakterije, gljivice, insekte itd.<\/p>\n<p style=\"text-align: left;\">\u00b7 Rezistencija na hemikalije<\/p>\n<p style=\"text-align: left;\">\u00b7 Ja\u010dina \/ \u010dvrsto\u0107a panela<\/p>\n<p style=\"text-align: left;\">U Srbiji i regionu postoji veliki broj referentnih objekata izvedenih sa Equitone panelima koji uklju\u010duju privatne rezidencijalne objekte, stambene zgrade, \u0161kole, vrti\u0107e, bolnice i poslovne objekte.<\/p>\n<p style=\"text-align: left;\">Izbor ovog proizvodja\u010da i Tehnomarketa kao njegovog dobavlja\u010da nudi pouzdanost u smislu kvaliteta materijala, isporuke, tehni\u010dke podr\u0161ke u svim fazama projektovanja i izvodjenja kao i ponudu advekvatnih sistemskih re\u0161enja potkonstrukcije na koju se paneli ka\u010de.<\/p>\n<p style=\"text-align: left;\">Mogu\u0107i sistemi ugradnje su:<\/p>\n<p style=\"text-align: left;\">lepljenje panela na potkonstrukciju<br \/>\nka\u010denje pop nitnama (vidljiva mehani\u010dka veza)<br \/>\nvent hide sistem (paneli se nevidljivom mehani\u010dkom vezom ka\u010de ankerima na potkonstrukciju)<\/p>\n<p style=\"text-align: left;\">Paneli se proizvode u pet ponudjenih varijanti:<\/p>\n<p style=\"text-align: left;\"><strong>Tectiva, Natura, Linea, Pictura i Lunara<\/strong><\/p>\n<p>&nbsp;<\/p>\n<p style=\"text-align: center;\"><strong>Equitone Tectiva<\/strong><\/p>\n<p style=\"text-align: center;\">je linija cementnih fasadnih panela bojenih u masi koje karakteri\u0161u elegantne senke prirodnih boja daju\u0107i materijalu poseban estetski efekat. Na povr\u0161ini panela se nalaze fine peskirane brazde koje sa razli\u010ditim prirodnim nijansama u okviru jedne boje daju ovom materijalu poseban, prirodan mat cementni izgled zavr\u0161ne povr\u0161ine.<\/p>\n<p>&nbsp;<\/p>\n<p><center><a href=\"https:\/\/www.tehnomarket.com\/novi\/wp-content\/uploads\/2022\/12\/tectiva.jpg\" data-slb-active=\"1\" data-slb-asset=\"1312818197\" data-slb-internal=\"0\" data-slb-group=\"6422\"><img loading=\"lazy\" decoding=\"async\" class=\"alignnone size-medium wp-image-6427\" src=\"https:\/\/www.tehnomarket.com\/novi\/wp-content\/uploads\/2022\/12\/tectiva-300x262.jpg\" sizes=\"auto, (max-width: 300px) 100vw, 300px\" srcset=\"https:\/\/www.tehnomarket.com\/novi\/wp-content\/uploads\/2022\/12\/tectiva-300x262.jpg 300w, https:\/\/www.tehnomarket.com\/novi\/wp-content\/uploads\/2022\/12\/tectiva.jpg 455w\" alt=\"\" width=\"300\" height=\"262\" \/><\/a><br \/>\n<center><\/center><\/center>&nbsp;<\/p>\n<p style=\"text-align: center;\">dodir: fine peskirane brazde<br \/>\nizgled: dinami\u010dna zavr\u0161na obrada sa vi\u0161e tonova<\/p>\n<p style=\"text-align: center;\">dimenzije obradjenog panela: 2500 x 1220 mm ili 3050 x 1220mm<\/p>\n<p style=\"text-align: center;\">debljine panela: 8mm<\/p>\n<p style=\"text-align: center;\"><a href=\"https:\/\/www.equitone.com\/en-gb\/materials\/tectiva\/\">https:\/\/www.equitone.com\/en-gb\/materials\/tectiva\/<\/a><\/p>\n<p style=\"text-align: center;\"><b>Equitone Natura<\/b><\/p>\n<p style=\"text-align: center;\">je linija cementnih fasadnih panela dostupnih u nizu boja. Karakterisu ih glatka, taktilna povr\u0161ina na kojoj se uo\u010davaju armiraju\u0107a celulozna vlakna panela.<\/p>\n<p>&nbsp;<\/p>\n<p><center><a href=\"https:\/\/www.tehnomarket.com\/novi\/wp-content\/uploads\/2022\/12\/natura.jpg\" data-slb-active=\"1\" data-slb-asset=\"732597845\" data-slb-internal=\"0\" data-slb-group=\"6422\"><img loading=\"lazy\" decoding=\"async\" class=\"aligncenter size-medium wp-image-6432\" src=\"https:\/\/www.tehnomarket.com\/novi\/wp-content\/uploads\/2022\/12\/natura-300x235.jpg\" sizes=\"auto, (max-width: 300px) 100vw, 300px\" srcset=\"https:\/\/www.tehnomarket.com\/novi\/wp-content\/uploads\/2022\/12\/natura-300x235.jpg 300w, https:\/\/www.tehnomarket.com\/novi\/wp-content\/uploads\/2022\/12\/natura.jpg 418w\" alt=\"\" width=\"300\" height=\"235\" \/><\/a><center><\/center><\/center>&nbsp;<\/p>\n<p style=\"text-align: center;\">dodir: mat, svilena glatka povr\u0161inska obrada<br \/>\nIzgled: vlakna su rasporedjena nasumi\u010dno<\/p>\n<p style=\"text-align: center;\">dimenzije obradjenog panela: 2500 x 1250 mm ili 3100 x 1250mm<\/p>\n<p style=\"text-align: center;\">debljine panela: 8mm I 12mm<\/p>\n<p style=\"text-align: center;\"><a href=\"https:\/\/www.equitone.com\/en-gb\/materials\/natura\/\">https:\/\/www.equitone.com\/en-gb\/materials\/natura\/<\/a><\/p>\n<p style=\"text-align: center;\"><b>Equitone Linea<\/b><\/p>\n<p style=\"text-align: center;\">je jedinstveni fasadni materijal sa 3D izgledom. Linea ima linearnu teksturu koja isti\u010de prirodnu unutra\u0161nju strukturu jezgra ovog cementnog materijala. Promena ugla dnevne svetlosti u toku dana daje materijalu fasade izgled koji se u toku dana konstantno menja.<\/p>\n<p>&nbsp;<\/p>\n<p><center><a href=\"https:\/\/www.tehnomarket.com\/novi\/wp-content\/uploads\/2022\/12\/linea.jpg\" data-slb-active=\"1\" data-slb-asset=\"245997874\" data-slb-internal=\"0\" data-slb-group=\"6422\"><img loading=\"lazy\" decoding=\"async\" class=\"aligncenter size-medium wp-image-6437\" src=\"https:\/\/www.tehnomarket.com\/novi\/wp-content\/uploads\/2022\/12\/linea-300x200.jpg\" sizes=\"auto, (max-width: 300px) 100vw, 300px\" srcset=\"https:\/\/www.tehnomarket.com\/novi\/wp-content\/uploads\/2022\/12\/linea-300x200.jpg 300w, https:\/\/www.tehnomarket.com\/novi\/wp-content\/uploads\/2022\/12\/linea.jpg 575w\" alt=\"\" width=\"300\" height=\"200\" \/><\/a><center><\/center><\/center>&nbsp;<\/p>\n<p style=\"text-align: center;\">dodir: struktuiran, reljefni<br \/>\nizgled: Razli\u010dit, razigran, velike moguc\u0301nosti, promene u zavisnosti od ta\u010dke gledi\u0161ta i dispozicije kanelura<\/p>\n<p style=\"text-align: center;\">dimenzije: 2500 x 1220mm ili 3050 x 1220mm<\/p>\n<p style=\"text-align: center;\">debljina: 10mm<\/p>\n<p style=\"text-align: center;\"><a href=\"https:\/\/www.equitone.com\/en-gb\/materials\/linea\/\">https:\/\/www.equitone.com\/en-gb\/materials\/linea\/<\/a><\/p>\n<p style=\"text-align: center;\"><b>Equitone Pictura<\/b><\/p>\n<p style=\"text-align: center;\"><b><\/b>nudi izbor savremenih premaza u boji sa glatkom i ultra mat zavr\u0161nom obradom. Gornji sloj panela je oja\u010dan UV povr\u0161inski sloj je gladak, lako se \u010disti i deluje kao premaz protiv grafita. Paleta nudi veliki izbor intenzivnih boja koja je idealna za primenu kod \u0161kola, bolnica, vrti\u0107a i drugih javnih objekata.<\/p>\n<p>&nbsp;<\/p>\n<p><center><a href=\"https:\/\/www.tehnomarket.com\/novi\/wp-content\/uploads\/2022\/12\/pictura.jpg\" data-slb-active=\"1\" data-slb-asset=\"989482237\" data-slb-internal=\"0\" data-slb-group=\"6422\"><img loading=\"lazy\" decoding=\"async\" class=\"aligncenter size-medium wp-image-6442\" src=\"https:\/\/www.tehnomarket.com\/novi\/wp-content\/uploads\/2022\/12\/pictura-300x227.jpg\" sizes=\"auto, (max-width: 300px) 100vw, 300px\" srcset=\"https:\/\/www.tehnomarket.com\/novi\/wp-content\/uploads\/2022\/12\/pictura-300x227.jpg 300w, https:\/\/www.tehnomarket.com\/novi\/wp-content\/uploads\/2022\/12\/pictura.jpg 516w\" alt=\"\" width=\"300\" height=\"227\" \/><\/a><center><\/center><\/center>&nbsp;<\/p>\n<p style=\"text-align: center;\">dodir: gladak, mat, bez vidljivih vlakana<br \/>\nizgled: klasi\u010dan, koloritno akcentovanje na fasadi<\/p>\n<p style=\"text-align: center;\">dimenzije obradjenog panela: 2500 x 1250 mm ili 3100 x 1250mm<\/p>\n<p style=\"text-align: center;\">debljine panela: 8mm I 12mm<\/p>\n<p style=\"text-align: center;\"><a href=\"https:\/\/www.equitone.com\/en-gb\/materials\/pictura\/\">https:\/\/www.equitone.com\/en-gb\/materials\/pictura\/<\/a><\/p>\n<p>&nbsp;<\/p>\n<p style=\"text-align: center;\"><b>EQUITONE Lunara<\/b><\/p>\n<p style=\"text-align: center;\">je materijal bojen u masi. Povr\u0161inu panela karakteri\u0161e nasumi\u010dna tekstura jedinstvena za Lunaru. Mala nepravilna uzvi\u0161enja i depresije podsec\u0301aju na sirovi, eteri\u010dni kraterski pejza\u017e Meseca. Proizvodni proces \u010dini svaki panel jedinstvenim u boji, teksturi i povr\u0161ini. Proizvodnja podrazumeva prirodne razlike u boji, potencijalno nagla\u0161ene orijentacijom panela, uglom gledanja i efektima svetlosti i vlage.<\/p>\n<p>&nbsp;<\/p>\n<p>&nbsp;<\/p>\n<p><center><a href=\"https:\/\/www.tehnomarket.com\/novi\/wp-content\/uploads\/2022\/12\/lunara.jpg\" data-slb-active=\"1\" data-slb-asset=\"62266469\" data-slb-internal=\"0\" data-slb-group=\"6422\"><img loading=\"lazy\" decoding=\"async\" class=\"aligncenter size-medium wp-image-6447\" src=\"https:\/\/www.tehnomarket.com\/novi\/wp-content\/uploads\/2022\/12\/lunara-300x157.jpg\" sizes=\"auto, (max-width: 300px) 100vw, 300px\" srcset=\"https:\/\/www.tehnomarket.com\/novi\/wp-content\/uploads\/2022\/12\/lunara-300x157.jpg 300w, https:\/\/www.tehnomarket.com\/novi\/wp-content\/uploads\/2022\/12\/lunara.jpg 629w\" alt=\"\" width=\"300\" height=\"157\" \/><\/a><center><\/center><\/center>&nbsp;<\/p>\n<p style=\"text-align: center;\">dodir: sic\u0301u\u0161ni krateri i neravna povr\u0161ina<\/p>\n<p style=\"text-align: center;\">izgled: visoko ekspresivna struktura vlaknastog cementa<\/p>\n<p style=\"text-align: center;\">dimenzije: 2500 x 1220mm ili 305 x 1220mm<\/p>\n<p style=\"text-align: center;\">debljina: 10mm<\/p>\n<p style=\"text-align: center;\"><a href=\"https:\/\/www.equitone.com\/en-gb\/materials\/lunara\/\">https:\/\/www.equitone.com\/en-gb\/materials\/lunara\/<\/a><\/p>\n<p style=\"text-align: center;\">Link za Equitone katalog i uputstva za ugradnju:<\/p>\n<p style=\"text-align: center;\"><a href=\"https:\/\/www.equitone.com\/en-au\/documentsandbrochures\/\">https:\/\/www.equitone.com\/en-au\/documentsandbrochures\/<\/a><\/p>\n<p style=\"text-align: center;\">kontakt za sve dodatne informacije oko Equitone fasadnih panela:<\/p>\n<p style=\"text-align: center;\">Nikola Lapadat, Sales Manager<\/p>\n<p style=\"text-align: center;\">Mob.+381 69 8479 007<\/p>\n<p style=\"text-align: center;\"><u>E mail.\u00a0<a href=\"mailto:nikola@tehnomarket.com\">nikola@tehnomarket.com<\/a><\/u><\/p>\n<p style=\"text-align: center;\">Jelena Popovic, Sales Manager<\/p>\n<p style=\"text-align: center;\">Mob.+381 69 8479 066<\/p>\n<p style=\"text-align: center;\"><u>E mail.\u00a0<a href=\"mailto:jelena@tehnomarket.com\">jelena@tehnomarket.com<\/a><\/u><\/p>\n<p style=\"text-align: center;\">EQUITONE paneli mogu se montirati na aluminijumsku podkonstrukciju prema izboru iz sistema\u00a0<a href=\"https:\/\/www.tehnomarket.com\/novi\/?page_id=90\"><strong>Tehnomarket VENT.<\/strong><\/a><\/p>\n","protected":false},"excerpt":{"rendered":"<p>EQUITONE\u00a0fiber cementni paneli Equitone predstavljaju jednog od vode\u0107ih svetskih proizvodja\u010da fib.cementnih panela namenjenih oblaganju ventilisanih fasada. Sa proizvodnjom sme\u0161tenom u fabrikama u Nemackoj i Belgiji uz strogo kontrolu kvaliteta materijala Equitone isporu\u010duje svoje panele za projekte \u0161irom sveta. S obzirom [&hellip;]<\/p>\n","protected":false},"author":4,"featured_media":0,"parent":0,"menu_order":0,"comment_status":"closed","ping_status":"closed","template":"full_width.php","meta":{"footnotes":""},"class_list":["post-6460","page","type-page","status-publish","hentry"],"_links":{"self":[{"href":"https:\/\/tehnomarket.com\/novi\/index.php?rest_route=\/wp\/v2\/pages\/6460","targetHints":{"allow":["GET"]}}],"collection":[{"href":"https:\/\/tehnomarket.com\/novi\/index.php?rest_route=\/wp\/v2\/pages"}],"about":[{"href":"https:\/\/tehnomarket.com\/novi\/index.php?rest_route=\/wp\/v2\/types\/page"}],"author":[{"embeddable":true,"href":"https:\/\/tehnomarket.com\/novi\/index.php?rest_route=\/wp\/v2\/users\/4"}],"replies":[{"embeddable":true,"href":"https:\/\/tehnomarket.com\/novi\/index.php?rest_route=%2Fwp%2Fv2%2Fcomments&post=6460"}],"version-history":[{"count":6,"href":"https:\/\/tehnomarket.com\/novi\/index.php?rest_route=\/wp\/v2\/pages\/6460\/revisions"}],"predecessor-version":[{"id":6853,"href":"https:\/\/tehnomarket.com\/novi\/index.php?rest_route=\/wp\/v2\/pages\/6460\/revisions\/6853"}],"wp:attachment":[{"href":"https:\/\/tehnomarket.com\/novi\/index.php?rest_route=%2Fwp%2Fv2%2Fmedia&parent=6460"}],"curies":[{"name":"wp","href":"https:\/\/api.w.org\/{rel}","templated":true}]}}