{"id":6870,"date":"2026-04-16T13:51:39","date_gmt":"2026-04-16T12:51:39","guid":{"rendered":"https:\/\/tehnomarket.com\/novi?page_id=6870"},"modified":"2026-04-16T13:51:39","modified_gmt":"2026-04-16T12:51:39","slug":"clad-aluminijumski-sistem-za-zidne-obloge","status":"publish","type":"page","link":"https:\/\/tehnomarket.com\/novi?page_id=6870","title":{"rendered":"CLAD aluminijumski sistem za zidne obloge"},"content":{"rendered":"<p><script><span data-mce-type=\"bookmark\" style=\"display: inline-block; width: 0px; overflow: hidden; line-height: 0;\" class=\"mce_SELRES_start\">\ufeff<\/span>\n  (function(i,s,o,g,r,a,m){i['GoogleAnalyticsObject']=r;i[r]=i[r]||function(){\n  (i[r].q=i[r].q||[]).push(arguments)},i[r].l=1*new Date();a=s.createElement(o),\n  m=s.getElementsByTagName(o)[0];a.async=1;a.src=g;m.parentNode.insertBefore(a,m)\n  })(window,document,'script','\/\/www.google-analytics.com\/analytics.js','ga');<\/p>\n<p>  ga('create', 'UA-59517940-1', 'auto');\n  ga('send', 'pageview');<\/p>\n<p><\/script><\/p>\n<div class=\"services_option2\">\n<div id=\"tabs\">\n<ul class=\"tab_select\">\n<li><a href=\"#tab-1\">CLAD sistem<\/a><\/li>\n<li><a href=\"#tab-2\">CLAD[ritam] <\/a><\/li>\n<li><a href=\"#tab-3\">CLAD[skin]<\/a><\/li>\n<\/ul>\n<div id=\"tab-1\">\n<p class=\"bwWrapper\"><img loading=\"lazy\" decoding=\"async\" src=\"https:\/\/www.tehnomarket.com\/novi\/wp-content\/uploads\/2014\/06\/clad1.jpg\" alt=\"prozorivrata\" width=\"298\" height=\"193\" \/><\/p>\n<p>CLAD je Tehnomarketov aluminijumski sistem obloga razvijen za savremene fasadne i enterijerske primene. Projektovan da objedini arhitektonsku slobodu, \u010dist dizajn i tehni\u010dku pouzdanost, sistem omogu\u0107ava oblikovanje sofisticiranih spolja\u0161njih i unutra\u0161njih povr\u0161ina kroz dva razli\u010dita koncepta: CLAD RITAM i CLAD SKIN.<\/p>\n<p>CLAD sistemi namenjeni su projektima koji zahtevaju visok vizuelni kvalitet, \u010distu geometriju i dugotrajnu zavr\u0161nu obradu. Zahvaljuju\u0107i skrivenim sistemima pri\u010dvr\u0161\u0107ivanja, fleksibilnim mogu\u0107nostima monta\u017ee i \u0161irokom izboru oblika profila i zavr\u0161nih obrada, sistem je pogodan kako za ventilisane fasade, tako i za premium enterijerske prostore.<\/p>\n<p>Aluminijumski profili izra\u0111eni su od legure AlMgSi0,5 (AA6063 \/ 6060), i ekstrudirani od primarnog aluminijuma za maksimalni kvalitet i trajnost. Povr\u0161inska za\u0161tita profila mo\u017ee biti plastifikacija po RAL ton karti i eloksa\u017ea, kao i specijalna plastifikacija u dezenima drveta.<\/p>\n<p><center><img decoding=\"async\" src=\"https:\/\/www.tehnomarket.com\/novi\/wp-content\/uploads\/2014\/06\/clad5.jpg\" \/><center><\/center><\/center><\/p>\n<p class=\"bwWrapper\"><img loading=\"lazy\" decoding=\"async\" src=\"https:\/\/www.tehnomarket.com\/novi\/wp-content\/uploads\/2014\/06\/clad2.jpg\" alt=\"prozorivrata\" width=\"298\" height=\"193\" \/><\/p>\n<p>CLAD se mo\u017ee koristiti u velikom broju spolja\u0161njih i unutra\u0161njih arhitektonskih re\u0161enja:<\/p>\n<ul>\n<li>Zidne obloge u enterijeru<\/li>\n<li>Dekorativne fasadne zone.<\/li>\n<li>Plafonske obloge<\/li>\n<li>Ulazne partije objekata<\/li>\n<li>Ventilisane fasade<\/li>\n<\/ul>\n<p>&nbsp;<\/p>\n<div style=\"float: right; margin-right: 30%;\"><a class=\"btn_col\" href=\"https:\/\/www.tehnomarket.com\/novi\/?page_id=55\">Preuzmi<\/a><\/div>\n<h5>Preuzmite kataloge<\/h5>\n<\/div>\n<div id=\"tab-2\">\n<p class=\"bwWrapper\"><img loading=\"lazy\" decoding=\"async\" src=\"https:\/\/www.tehnomarket.com\/novi\/wp-content\/uploads\/2014\/06\/ritam2.jpg\" alt=\"prozorivrata\" width=\"298\" height=\"193\" \/><\/p>\n<p>CLAD [ritam] je jedan od dva podsistema ove serije i predstavlja savremeno re\u0161enje aluminijumskih profila namenjenih za oblaganje zidova u eksterijeru i enterijeru. Sistem je zasnovan na modularnom nizu lamela razli\u010ditih \u0161irina i dubina koje se postavljaju klik sistemom na bazne profile, stvaraju\u0107i prepoznatljiv ritam povr\u0161ine i dinami\u010dnu igru svetlosti i senki.<\/p>\n<p>Zahvaljuju\u0107i pa\u017eljivo projektovanoj konstrukciji, CLAD [ritam] omogu\u0107ava brzu i preciznu monta\u017eu, bilo na standardne aluminijumske nosa\u010de ili na kompletnu VENT potkonstrukciju kada je potrebna ve\u0107a distanca od zida. Sistem je prilago\u0111en savremenim arhitektonskim konceptima, od minimalisti\u010dkih formi do kompleksnih fasadnih kompozicija.<\/p>\n<p><center><img decoding=\"async\" src=\"https:\/\/www.tehnomarket.com\/novi\/wp-content\/uploads\/2014\/06\/ritamc3.jpg\" \/><center><\/center><\/center><\/p>\n<p class=\"bwWrapper\"><img loading=\"lazy\" decoding=\"async\" src=\"https:\/\/www.tehnomarket.com\/novi\/wp-content\/uploads\/2014\/06\/ritam1.jpg\" alt=\"prozorivrata\" width=\"298\" height=\"193\" \/><\/p>\n<ul>\n<li>Profili zavr\u0161ne obloge se postavljaju putem klik sistema i mogu biti jednoredno ili razli\u010ditih dubina<\/li>\n<li>Sistem nudi opcije jednostrukog i dvostrukog \/ trostrukog nosa\u010da koji se uklapaju po sistemu pero \/ \u017eleb<\/li>\n<li>Za MODUL 40 \u0161irina profila obloge iznosi 40 mm, dok prostor opcije dubine iznosi 20, 40, 60 i 80 mm<\/li>\n<li>Za MODUL 25 \u0161irina profila obloge iznosi 25 mm, dok je dubina ista 25 mm<\/li>\n<li>U ponudi je i opcija profila sa integrisanim difuzorom za LED osvetljenje u dimenzijama 40&#215;40 mm ili 25&#215;25 mm<\/li>\n<li>Zavr\u0161na obrada je u vidu eloksa\u017ee, plastifikacije i imitacije drveta<\/li>\n<li>Sistem omogu\u0107ava ugradnju direktno na zid ili na potkonstrukciju<\/li>\n<li>Obezbe\u0111ene su spajalice sa gornje i donje strane, kao i ugaoni profili kako bi se postigla \u010dista, minimalisti\u010dka instalacija<\/li\n\n<\/ul>\n<p>&nbsp;<\/p>\n<div style=\"float: right; margin-right: 30%;\"><a class=\"btn_col\" href=\"\/novi\/katalozi\/PDF\/prozori_i_vrata\/TMH\/clad_ritam_teh.pdf\">Preuzmi<\/a><\/div>\n<h5>Preuzmite detaljan tehni\u010dki opis sistema<\/h5>\n<\/div>\n<div id=\"tab-3\">\n<p class=\"bwWrapper\"><img loading=\"lazy\" decoding=\"async\" src=\"https:\/\/www.tehnomarket.com\/novi\/wp-content\/uploads\/2014\/06\/skin1.jpg\" alt=\"fasade\" width=\"298\" height=\"193\" \/><\/p>\n<p>CLAD [skin] je jedan od dva podsistema ove serije i predstavlja aluminijumski sistem obloge namenjen kreiranju ravnih, \u010distih i vizuelno ujedna\u010denih povr\u0161ina u eksterijeru i enterijeru. Sistem je projektovan tako da obezbedi minimalisti\u010dki arhitektonski izraz, sa nagla\u0161enim kontinuitetom povr\u0161ine i diskretnim spojnicama izme\u0111u elemenata.<\/p>\n<p>Zahvaljuju\u0107i konstrukciji sa skrivenim na\u010dinom pri\u010dvr\u0161\u0107ivanja, CLAD [skin] omogu\u0107ava postizanje elegantnog i savremenog izgleda bez vidljivih spojeva i pri\u010dvrsnih elemenata. Sistem je prilago\u0111en savremenim arhitektonskim konceptima u kojima se te\u017ei jednostavnosti forme, \u010distim linijama i monolitnom izrazu povr\u0161ine.<\/p>\n<p><center><img decoding=\"async\" src=\"https:\/\/www.tehnomarket.com\/novi\/wp-content\/uploads\/2014\/06\/skinc.jpg\" \/><center><\/center><\/center><\/p>\n<p class=\"bwWrapper\"><img loading=\"lazy\" decoding=\"async\" src=\"https:\/\/www.tehnomarket.com\/novi\/wp-content\/uploads\/2014\/06\/skin2.jpg\" alt=\"prozorivrata\" width=\"298\" height=\"193\" \/><\/p>\n<ul>\n<li>Sistemi obloge dostupni su u ravnoj i rebrastoj izvedbi<\/li>\n<li>Omogu\u0107ena je horizontalna i vertikalna monta\u017ea<\/li>\n<li>Skriven sistem pri\u010dvr\u0161\u0107ivanja<\/li>\n<li>Omogu\u0107ava kontinualan i ujedna\u010den izgled povr\u0161ine<\/li>\n<li>Zavr\u0161na obrada u vidu plastifikacije, eloksa\u017ee i dekorativnih premaza<\/li>\n<li>Otpornost na spolja\u0161nje uticaje i UV zra\u010denje<\/li>\n<li>Jednostavno odr\u017eavanje i dug vek trajanja<\/li>\n<\/ul>\n<p>&nbsp;<\/p>\n<div style=\"float: right; margin-right: 30%;\"><a class=\"btn_col\" href=\"\/novi\/katalozi\/PDF\/prozori_i_vrata\/TMH\/clad_skin_teh.pdf\">Preuzmi<\/a><\/div>\n<h5>Preuzmite detaljan tehni\u010dki opis sistema<\/h5>\n<\/div>\n<div id=\"tab-4\">\n<p class=\"bwWrapper\"><img loading=\"lazy\" decoding=\"async\" src=\"https:\/\/www.tehnomarket.com\/novi\/wp-content\/uploads\/2014\/06\/therm62pp.jpg\" alt=\"vent\" width=\"298\" height=\"193\" \/><\/p>\n<p>Sistem LINEAL THERM 62 je jedan od jedanaest iz serije LINEAL i predstavlja sistem aluminijumskih profila sa termi\u010dkim prekidom, specijalno projektovanih za izradu elemenata prozora i vrata sa ugradnom dubinom \u0161toka od 62mm.Sistem je dizajniran tako da zadovoljava savremene zahteve na polju energetske efikasnosti, kao i ostale uslove nepohodne za bezbedan i udoban radni i \u017eivotni prostor.Prilikom projektovanja elemenata sistema posebna pa\u017enja je posve\u0107ena odabiru materijala koji vr\u0161e funkciju termi\u010dkog prekida u sklopu sistemskih profila i dodate su posebne sun\u0111eraste ispune unutar komora profila. Na ovaj na\u010din su postignute maksimalne termoizolacione karakteristike Uf\u22482,00W\/m\u00b2K, odnosno Uw\u22481,1\/m\u00b2K.<\/p>\n<p><center><img decoding=\"async\" src=\"https:\/\/www.tehnomarket.com\/novi\/wp-content\/uploads\/2014\/07\/therm62presek5.jpg\" \/><center><\/center><\/center>&nbsp;<\/p>\n<p class=\"bwWrapper\"><img loading=\"lazy\" decoding=\"async\" src=\"https:\/\/www.tehnomarket.com\/novi\/wp-content\/uploads\/2014\/06\/therm62dole.jpg\" alt=\"prozorivrata\" width=\"298\" height=\"193\" \/><\/p>\n<ul>\n<li>Sistem LINEAL THERM 62 omogu\u0107ava ugradnju standardnog okova u EURO 1 \u017eljeb i okova za PVC u EURO 16mm \u017eljeb.<\/li>\n<li>Podr\u017eane ispune i staklo paketi od 8 do 53mm sa EPDM zaptivkama koje poseduju integrisanu barijeru protiv produvavanja.<\/li>\n<li>Zaptivanje u zoni spoja \u0161toka i krila je trostruko, preko tri trajno elasti\u010dne EPDM zaptivke otporne na UV zra\u010denje.<\/li>\n<li>Osnovna spolja\u0161nja dimenzija \u0161toka od 65mm<\/li>\n<\/ul>\n<p>&nbsp;<\/p>\n<div style=\"float: right; margin-right: 30%;\"><a class=\"btn_col\" href=\"\/novi\/katalozi\/PDF\/prozori_i_vrata\/TMH\/clad_ritam_teh.pdf\">Preuzmi<\/a><\/div>\n<h5>Preuzmite detaljan tehni\u010dki opis sistema<\/h5>\n<\/div>\n<div id=\"tab-5\">\n<p class=\"bwWrapper\"><img loading=\"lazy\" decoding=\"async\" src=\"https:\/\/www.tehnomarket.com\/novi\/wp-content\/uploads\/2014\/06\/THERM77.jpg\" alt=\"vent\" width=\"298\" height=\"193\" \/><\/p>\n<p>Sistem LINEAL THERM 77 je jedan od jedanaest iz serije LINEAL i predstavlja sistem aluminijumskih profila sa termi\u010dkim prekidom, specijalno projektovanih za izradu elemenata prozora i vrata sa ugradnom dubinom \u0161toka od 77mm. Sistem je dizajniran tako da zadovoljava savremene zahteve na polju energetske efikasnosti, kao i ostale uslove nepohodne za bezbedan i udoban radni i \u017eivotni prostor. Prilikom projektovanja elemenata sistema posebna pa\u017enja je posve\u0107ena odabiru materijala koji vr\u0161e funkciju termi\u010dkog prekida u sklopu sistemskih profila i dodate su posebne sun\u0111eraste ispune unutar komora profila. Na ovaj na\u010din su postignute maksimalne termoizolacione karakteristike Uf\u22481,40W\/m\u00b2K, odnosno Uw\u22480,96W\/m\u00b2K.<\/p>\n<p><center><img decoding=\"async\" src=\"https:\/\/www.tehnomarket.com\/novi\/wp-content\/uploads\/2014\/07\/therm77presek5.jpg\" \/><center><\/center><\/center>&nbsp;<\/p>\n<p class=\"bwWrapper\"><img loading=\"lazy\" decoding=\"async\" src=\"https:\/\/www.tehnomarket.com\/novi\/wp-content\/uploads\/2014\/06\/77dole.jpg\" alt=\"prozorivrata\" width=\"298\" height=\"193\" \/><\/p>\n<ul>\n<li>Sistem LINEAL THERM 77 omogu\u0107ava ugradnju standardnog okova u EURO 1 \u017eljeb i okova za PVC u EURO 16mm \u017eljeb.<\/li>\n<li>Podr\u017eane ispune i staklo paketi od 23 do 68mm sa EPDM zaptivkama koje poseduju integrisanu barijeru protiv produvavanja.<\/li>\n<li>Zaptivanje u zoni spoja \u0161toka i krila je trostruko, preko tri trajno elasti\u010dne EPDM zaptivke otporne na UV zra\u010denje.<\/li>\n<li>Osnovna spolja\u0161nja dimenzija \u0161toka od 65mm<\/li>\n<\/ul>\n<p>&nbsp;<\/p>\n<div style=\"float: right; margin-right: 30%;\"><a class=\"btn_col\" href=\"\/novi\/katalozi\/PDF\/prozori_i_vrata\/TMH\/clad_skin_teh.pdf\">Preuzmi<\/a><\/div>\n<h5>Preuzmite detaljan tehni\u010dki opis sistema<\/h5>\n<\/div>\n<\/div>\n<\/div>\n","protected":false},"excerpt":{"rendered":"<p>CLAD sistem CLAD[ritam] CLAD[skin] CLAD je Tehnomarketov aluminijumski sistem obloga razvijen za savremene fasadne i enterijerske primene. Projektovan da objedini arhitektonsku slobodu, \u010dist dizajn i tehni\u010dku pouzdanost, sistem omogu\u0107ava oblikovanje sofisticiranih spolja\u0161njih i unutra\u0161njih povr\u0161ina kroz dva razli\u010dita koncepta: CLAD [&hellip;]<\/p>\n","protected":false},"author":4,"featured_media":0,"parent":0,"menu_order":0,"comment_status":"closed","ping_status":"closed","template":"blank.php","meta":{"footnotes":""},"class_list":["post-6870","page","type-page","status-publish","hentry"],"_links":{"self":[{"href":"https:\/\/tehnomarket.com\/novi\/index.php?rest_route=\/wp\/v2\/pages\/6870","targetHints":{"allow":["GET"]}}],"collection":[{"href":"https:\/\/tehnomarket.com\/novi\/index.php?rest_route=\/wp\/v2\/pages"}],"about":[{"href":"https:\/\/tehnomarket.com\/novi\/index.php?rest_route=\/wp\/v2\/types\/page"}],"author":[{"embeddable":true,"href":"https:\/\/tehnomarket.com\/novi\/index.php?rest_route=\/wp\/v2\/users\/4"}],"replies":[{"embeddable":true,"href":"https:\/\/tehnomarket.com\/novi\/index.php?rest_route=%2Fwp%2Fv2%2Fcomments&post=6870"}],"version-history":[{"count":26,"href":"https:\/\/tehnomarket.com\/novi\/index.php?rest_route=\/wp\/v2\/pages\/6870\/revisions"}],"predecessor-version":[{"id":6901,"href":"https:\/\/tehnomarket.com\/novi\/index.php?rest_route=\/wp\/v2\/pages\/6870\/revisions\/6901"}],"wp:attachment":[{"href":"https:\/\/tehnomarket.com\/novi\/index.php?rest_route=%2Fwp%2Fv2%2Fmedia&parent=6870"}],"curies":[{"name":"wp","href":"https:\/\/api.w.org\/{rel}","templated":true}]}}